{"id":32,"date":"2023-11-07T19:48:19","date_gmt":"2023-11-07T19:48:19","guid":{"rendered":"https:\/\/test.tinetaxi.de\/?page_id=32"},"modified":"2023-11-14T16:33:53","modified_gmt":"2023-11-14T16:33:53","slug":"startseite","status":"publish","type":"page","link":"https:\/\/test.tinetaxi.de\/","title":{"rendered":"Startseite"},"content":{"rendered":"\n<div style=\"height:100px\" aria-hidden=\"true\" class=\"wp-block-spacer\"><\/div>\n\n\n\n<div class=\"wp-block-cover alignfull is-light hestia-clear-top-padding welcome\" style=\"min-height:100px;aspect-ratio:unset;\"><span aria-hidden=\"true\" class=\"wp-block-cover__background has-white-background-color has-background-dim-100 has-background-dim\"><\/span><div class=\"wp-block-cover__inner-container is-layout-flow wp-block-cover-is-layout-flow\">\n<div class=\"wp-block-columns is-layout-flex wp-container-core-columns-is-layout-9d6595d7 wp-block-columns-is-layout-flex\">\n<div class=\"wp-block-column is-layout-flow wp-block-column-is-layout-flow\" style=\"flex-basis:10%\"><\/div>\n\n\n\n<div class=\"wp-block-column is-layout-flow wp-block-column-is-layout-flow\" style=\"flex-basis:80%\">\n<h2 class=\"wp-block-heading has-text-align-center has-text-color\" style=\"color:#3c4858\">Willkommen bei Tine Taxi<\/h2>\n\n\n\n<p class=\"has-black-color has-text-color has-link-color wp-elements-fe73a6831f903bf9419ff03ea50d64ce\">Ihrem Taxi-Unternehmen f\u00fcr Husum, Friedrichstadt und die umliegende Region. Wir sind nicht nur Ihre verl\u00e4ssliche Wahl f\u00fcr sichere und bequeme Fahrten, sondern auch spezialisiert auf Krankenfahrten. Unser Engagement geht jedoch noch weiter. Wir unterst\u00fctzen Sie nicht nur bei der Bef\u00f6rderung, sondern auch bei der Abwicklung der Kosten\u00fcbernahme bei Ihrer Krankenkasse. So k\u00f6nnen Sie sich voll und ganz auf Ihre Genesung konzentrieren, w\u00e4hrend wir uns um den Rest k\u00fcmmern. Erfahren Sie mehr \u00fcber unser engagiertes Team und unsere Dienstleistungen, die darauf ausgerichtet sind, Ihnen in jeder Hinsicht zu helfen.<\/p>\n<\/div>\n\n\n\n<div class=\"wp-block-column is-layout-flow wp-block-column-is-layout-flow\" style=\"flex-basis:10%\"><\/div>\n<\/div>\n<\/div><\/div>\n\n\n\n<div style=\"height:100px\" aria-hidden=\"true\" class=\"wp-block-spacer\"><\/div>\n","protected":false},"excerpt":{"rendered":"","protected":false},"author":1,"featured_media":160,"parent":0,"menu_order":0,"comment_status":"closed","ping_status":"closed","template":"","meta":{"footnotes":""},"class_list":["post-32","page","type-page","status-publish","has-post-thumbnail","hentry"],"_links":{"self":[{"href":"https:\/\/test.tinetaxi.de\/index.php?rest_route=\/wp\/v2\/pages\/32","targetHints":{"allow":["GET"]}}],"collection":[{"href":"https:\/\/test.tinetaxi.de\/index.php?rest_route=\/wp\/v2\/pages"}],"about":[{"href":"https:\/\/test.tinetaxi.de\/index.php?rest_route=\/wp\/v2\/types\/page"}],"author":[{"embeddable":true,"href":"https:\/\/test.tinetaxi.de\/index.php?rest_route=\/wp\/v2\/users\/1"}],"replies":[{"embeddable":true,"href":"https:\/\/test.tinetaxi.de\/index.php?rest_route=%2Fwp%2Fv2%2Fcomments&post=32"}],"version-history":[{"count":6,"href":"https:\/\/test.tinetaxi.de\/index.php?rest_route=\/wp\/v2\/pages\/32\/revisions"}],"predecessor-version":[{"id":175,"href":"https:\/\/test.tinetaxi.de\/index.php?rest_route=\/wp\/v2\/pages\/32\/revisions\/175"}],"wp:featuredmedia":[{"embeddable":true,"href":"https:\/\/test.tinetaxi.de\/index.php?rest_route=\/wp\/v2\/media\/160"}],"wp:attachment":[{"href":"https:\/\/test.tinetaxi.de\/index.php?rest_route=%2Fwp%2Fv2%2Fmedia&parent=32"}],"curies":[{"name":"wp","href":"https:\/\/api.w.org\/{rel}","templated":true}]}}