{"id":154,"date":"2023-11-14T15:03:39","date_gmt":"2023-11-14T15:03:39","guid":{"rendered":"https:\/\/test.tinetaxi.de\/?page_id=154"},"modified":"2023-11-14T16:08:54","modified_gmt":"2023-11-14T16:08:54","slug":"datenschutz","status":"publish","type":"page","link":"https:\/\/test.tinetaxi.de\/?page_id=154","title":{"rendered":"Datenschutz"},"content":{"rendered":"\n<h2 class=\"wp-block-heading\"><strong>Allgemeiner Hinweis und Pflichtinformationen<\/strong><\/h2>\n\n\n\n<p>Die verantwortliche Stelle f\u00fcr die Datenverarbeitung auf dieser Webseite ist<\/p>\n\n\n\n<p>Tine Taxi GmbH &amp; Co.KG<\/p>\n\n\n\n<p>Gesch\u00e4ftsf\u00fchrer, Stefan Clau\u00dfen<\/p>\n\n\n\n<p>Otto-Hahn-Stra\u00dfe 36<\/p>\n\n\n\n<p>25813 Husum<\/p>\n\n\n\n<p>Die verantwortliche Seite entscheidet alleine oder gemeinsam mit anderen \u00fcber die Zwecke und Mittel der Verarbeitung von Personenbezogener Daten (z.B. Namen, Kontakten o.\u00c4.)<\/p>\n\n\n\n<h2 class=\"wp-block-heading\"><strong>Wiederruf Ihrer Einwilligung zur Datenverarbeitung<\/strong><\/h2>\n\n\n\n<p>Nur mit Ihrer ausdr\u00fccklichen Einwilligung sind einige Vorg\u00e4nge der Datenverarbeitung m\u00f6glich. Ein Wiederruf Ihrer bereits erteilten Einwilligung ist jederzeit m\u00f6glich. F\u00fcr den Wiederruf gen\u00fcgt eine formlose Mitteilung per E-Mail. Die Rechtm\u00e4\u00dfigkeit der bis zum Widerruf erfolgten Datenverarbeitung bleibt vom Widerruf unber\u00fchrt.<\/p>\n\n\n\n<h2 class=\"wp-block-heading\"><strong>Recht auf Beschwerde bei der zust\u00e4ndigen Aufsichtsbeh\u00f6rde<\/strong><\/h2>\n\n\n\n<p>Als Betroffener steht Ihnen im Falle eines Datenschutzrechtlichen Versto\u00dfes ein Beschwerderecht bei der zust\u00e4ndigen Aufsichtsbeh\u00f6rde zu. Zust\u00e4ndige Aufsichtsbeh\u00f6rde bzgl. Datenschutzrechtlicher Fragen ist der Datenschutzbeauftragte des Landes Schleswig-Holstein.<\/p>\n\n\n\n<h2 class=\"wp-block-heading\"><strong>Recht auf Daten\u00fcbertragbarkeit<\/strong><\/h2>\n\n\n\n<p>Ihnen steht das Recht zu, Daten, die wir auf Grund Ihrer Einwilligung oder in Erf\u00fcllung eines Vertrages automatisiert verarbeiten, an sich oder an Dritte aush\u00e4ndigen zu lassen. Die Bereitstellung erfolgt in einem maschinenlesbaren Format. Sofern Sie die direkte \u00dcbertragung an einen anderen Verantwortlichen verlangen, erfolgt dies nur, soweit es technisch machbar ist.<\/p>\n\n\n\n<h2 class=\"wp-block-heading\"><strong>Recht auf Auskunft, Berichtigung, Sperrung, L\u00f6schung<\/strong><\/h2>\n\n\n\n<p>Sie haben jederzeit im Rahmen der gesetzlichen Bestimmungen das Recht auf unentgeltliche Auskunft \u00fcber Ihre personenbezogenen gespeicherten Daten, Herkunft der Daten, deren Empf\u00e4nger und den Zweck der Datenverarbeitung und ggf. ein Recht auf Berichtigung, Sperrung oder L\u00f6schung dieser Daten. Diesbez\u00fcglich und auch zu weiteren Fragen zum Thema personenbezogene Daten k\u00f6nnen Sie sich jederzeit \u00fcber die im Impressum aufgef\u00fchrten Kontaktm\u00f6glichkeiten an uns wenden.<\/p>\n\n\n\n<h2 class=\"wp-block-heading\"><strong>SSL-bzw. TLS-Verschl\u00fcsselung<\/strong><\/h2>\n\n\n\n<p>Aus Sicherheitsgr\u00fcnden und zum Schutz der \u00dcbertragung vertraulicher Inhalte, die sie an uns als Seitenbetreiber senden, nutzt unsere Seite eine SSL bzw. TLS-Verschl\u00fcsselung. Damit sind Daten, die Sie \u00fcber diese Webseite \u00fcbermitteln, f\u00fcr Dritte nicht mitlesbar. Sie erkennen eine Verschl\u00fcsselte Verbindung an der https:\/\/ Adresszeile Ihres Browsers und am Schloss-Symbol in der Browserzeile.<\/p>\n\n\n\n<h2 class=\"wp-block-heading\"><strong>Server-Log-Dateien<\/strong><\/h2>\n\n\n\n<p>In Server-Log-Dateien erhebt und speichert der Provider der Webseite automatisch Informationen, die Ihr Browser automatisch an uns \u00fcbermittelt. Dies sind:<\/p>\n\n\n\n<ul class=\"wp-block-list\">\n<li>Besuchte Seite auf unserer Domain<\/li>\n\n\n\n<li>Datum und Uhrzeit der Serveranfrage<\/li>\n\n\n\n<li>Browsertyp und Browserversion<\/li>\n\n\n\n<li>Verwendetes Betriebssystem<\/li>\n\n\n\n<li>Referrer URL<\/li>\n\n\n\n<li>Hostname des zugreifenden Rechners<\/li>\n\n\n\n<li>IP-Adresse<\/li>\n<\/ul>\n\n\n\n<p>Es finden keine Zusammenf\u00fchrung dieser Daten mit anderen Datenquellen statt. Grundlage der Datenverarbeitung bildet Art. 6 Abs.1 lit. b DSGVO, der die Verarbeitung von Daten zur Erf\u00fcllung eines Vertrages oder vorvertraglicher Ma\u00dfnahmen gestattet.<\/p>\n\n\n\n<h2 class=\"wp-block-heading\"><strong>Cookies<\/strong><\/h2>\n\n\n\n<p>Unsere Webseite verwendet Cookies. Das sind kleine Textdateien, die Ihr Webbrowser auf Ihrem Endger\u00e4t speichert. Cookies helfen uns dabei, unser Angebot nutzerfreundlicher, effektiver und sicherer zu machen. Einige Cookies sind \u201eSession-Cookies\u201c. Solche Cookies werden nach Ende Ihrer Browser-Sitzung von selbst gel\u00f6scht. Hingegen bleiben andere Cookies auf Ihrem Endger\u00e4t bestehen, bis Sie diese selbst l\u00f6schen. Solche Cookies helfen uns, Sie bei R\u00fcckkehr auf unsere Webseite wiederzuerkennen. Mit einem modernen Webbrowser k\u00f6nnen Sie das setzen von Cookies \u00fcberwachen, einschr\u00e4nken oder unterbinden. Viele Webbrowser lassen sich so konfigurieren, dass Cookies mit dem Schlie\u00dfen des Programms von selbst gel\u00f6scht werden. Die Deaktivierung von Cookies kann eine eingeschr\u00e4nkte Funktionalit\u00e4t unserer Webseite zur Folge haben.<\/p>\n","protected":false},"excerpt":{"rendered":"<p>Allgemeiner Hinweis und Pflichtinformationen Die verantwortliche Stelle f\u00fcr die Datenverarbeitung auf dieser Webseite ist Tine Taxi GmbH &amp; Co.KG Gesch\u00e4ftsf\u00fchrer, Stefan Clau\u00dfen Otto-Hahn-Stra\u00dfe 36 25813 Husum Die verantwortliche Seite entscheidet alleine oder gemeinsam mit anderen \u00fcber die Zwecke und Mittel der Verarbeitung von Personenbezogener Daten (z.B. Namen, Kontakten o.\u00c4.) Wiederruf [&hellip;]<\/p>\n","protected":false},"author":1,"featured_media":160,"parent":0,"menu_order":0,"comment_status":"closed","ping_status":"closed","template":"","meta":{"footnotes":""},"class_list":["post-154","page","type-page","status-publish","has-post-thumbnail","hentry"],"_links":{"self":[{"href":"https:\/\/test.tinetaxi.de\/index.php?rest_route=\/wp\/v2\/pages\/154","targetHints":{"allow":["GET"]}}],"collection":[{"href":"https:\/\/test.tinetaxi.de\/index.php?rest_route=\/wp\/v2\/pages"}],"about":[{"href":"https:\/\/test.tinetaxi.de\/index.php?rest_route=\/wp\/v2\/types\/page"}],"author":[{"embeddable":true,"href":"https:\/\/test.tinetaxi.de\/index.php?rest_route=\/wp\/v2\/users\/1"}],"replies":[{"embeddable":true,"href":"https:\/\/test.tinetaxi.de\/index.php?rest_route=%2Fwp%2Fv2%2Fcomments&post=154"}],"version-history":[{"count":2,"href":"https:\/\/test.tinetaxi.de\/index.php?rest_route=\/wp\/v2\/pages\/154\/revisions"}],"predecessor-version":[{"id":156,"href":"https:\/\/test.tinetaxi.de\/index.php?rest_route=\/wp\/v2\/pages\/154\/revisions\/156"}],"wp:featuredmedia":[{"embeddable":true,"href":"https:\/\/test.tinetaxi.de\/index.php?rest_route=\/wp\/v2\/media\/160"}],"wp:attachment":[{"href":"https:\/\/test.tinetaxi.de\/index.php?rest_route=%2Fwp%2Fv2%2Fmedia&parent=154"}],"curies":[{"name":"wp","href":"https:\/\/api.w.org\/{rel}","templated":true}]}}